Dec 01 18:30:12.756 INFO testing ejmahler/tetris_clone against master#8940af3cea4a9a9deabcaf843b2f8cad9a83fc61 for beta-1.31-5
Dec 01 18:30:12.757 INFO running `"docker" "create" "-v" "/mnt/big/crater/work/local/target-dirs/beta-1.31-5/worker-5/master#8940af3cea4a9a9deabcaf843b2f8cad9a83fc61:/target:rw,Z" "-v" "/mnt/big/crater/work/local/test-source/worker-5/beta-1.31-5/master#8940af3cea4a9a9deabcaf843b2f8cad9a83fc61:/source:ro,Z" "-v" "/mnt/big/crater/work/local/cargo-home:/cargo-home:ro,Z" "-v" "/mnt/big/crater/work/local/rustup-home:/rustup-home:ro,Z" "-e" "USER_ID=1000" "-e" "SOURCE_DIR=/source" "-e" "USER_ID=1000" "-e" "CMD=cargo +8940af3cea4a9a9deabcaf843b2f8cad9a83fc61-alt build --frozen" "-e" "CARGO_TARGET_DIR=/target" "-e" "CARGO_INCREMENTAL=0" "-e" "RUST_BACKTRACE=full" "-e" "RUSTFLAGS=--cap-lints=warn" "-e" "CARGO_HOME=/cargo-home" "-e" "RUSTUP_HOME=/rustup-home" "-m" "1536M" "--network" "none" "crater"`
Dec 01 18:30:13.317 INFO [stdout] cc3b3b40a24ddf2aba0454c38c8496b8782b2441a4bd1ad0f34faf23a4a28e3e
Dec 01 18:30:13.319 INFO running `"docker" "start" "-a" "cc3b3b40a24ddf2aba0454c38c8496b8782b2441a4bd1ad0f34faf23a4a28e3e"`
Dec 01 18:30:15.359 INFO [stderr] usermod: no changes
Dec 01 18:30:15.708 INFO [stderr]    Compiling ndarray v0.11.0
Dec 01 18:30:15.709 INFO [stderr]    Compiling rand v0.4.1
Dec 01 18:30:15.735 INFO [stderr]    Compiling num-complex v0.1.41
Dec 01 18:30:15.739 INFO [stderr]    Compiling itertools v0.7.5
Dec 01 18:30:15.748 INFO [stderr]    Compiling phf_generator v0.7.21
Dec 01 18:30:15.763 INFO [stderr]    Compiling gl_generator v0.6.1
Dec 01 18:30:15.763 INFO [stderr]    Compiling gfx_core v0.7.2
Dec 01 18:30:15.764 INFO [stderr]    Compiling fs2 v0.2.5
Dec 01 18:30:18.709 INFO [stderr]    Compiling gl v0.7.0
Dec 01 18:30:18.863 INFO [stderr]    Compiling gfx_gl v0.4.0
Dec 01 18:30:18.947 INFO [stderr]    Compiling memmap v0.4.0
Dec 01 18:30:29.875 INFO [stderr]    Compiling pistoncore-input v0.20.0
Dec 01 18:30:29.927 INFO [stderr]    Compiling phf_codegen v0.7.21
Dec 01 18:30:29.987 INFO [stderr]    Compiling image v0.18.0
Dec 01 18:30:30.031 INFO [stderr]    Compiling cgmath v0.16.0
Dec 01 18:30:31.955 INFO [stderr]    Compiling glutin v0.10.1
Dec 01 18:30:43.965 INFO [stderr]    Compiling target_build_utils v0.3.1
Dec 01 18:30:50.323 INFO [stderr]    Compiling pistoncore-window v0.30.0
Dec 01 18:30:56.832 INFO [stderr]    Compiling pistoncore-event_loop v0.35.0
Dec 01 18:31:20.327 INFO [stderr]    Compiling piston v0.35.0
Dec 01 18:31:28.099 INFO [stderr]    Compiling libloading v0.3.4
Dec 01 18:31:33.207 INFO [stderr]    Compiling dlib v0.3.1
Dec 01 18:31:34.067 INFO [stderr]    Compiling wayland-sys v0.9.10
Dec 01 18:31:36.884 INFO [stderr]    Compiling wayland-client v0.9.10
Dec 01 18:31:42.267 INFO [stderr]    Compiling wayland-protocols v0.9.10
Dec 01 18:31:42.267 INFO [stderr]    Compiling wayland-kbd v0.9.1
Dec 01 18:31:50.231 INFO [stderr]    Compiling gfx v0.16.3
Dec 01 18:31:50.231 INFO [stderr]    Compiling gfx_device_gl v0.14.6
Dec 01 18:31:51.499 INFO [stderr]    Compiling wayland-window v0.8.0
Dec 01 18:31:53.831 INFO [stderr]    Compiling winit v0.8.3
Dec 01 18:32:11.884 INFO [stderr]    Compiling pistoncore-glutin_window v0.43.0
Dec 01 18:32:12.795 INFO [stderr]    Compiling piston-gfx_texture v0.30.0
Dec 01 18:32:17.461 INFO [stderr]    Compiling piston2d-gfx_graphics v0.47.0
Dec 01 18:32:22.307 INFO [stderr]    Compiling piston_window v0.74.0
Dec 01 18:32:25.651 INFO [stderr]    Compiling tetris_clone v0.1.0 (/source)
Dec 01 18:32:29.262 INFO [stderr] error[E0554]: #![feature] may not be used on the beta release channel
Dec 01 18:32:29.262 INFO [stderr]  --> src/main.rs:1:1
Dec 01 18:32:29.262 INFO [stderr]   |
Dec 01 18:32:29.262 INFO [stderr] 1 | #![feature(universal_impl_trait)]
Dec 01 18:32:29.262 INFO [stderr]   | ^^^^^^^^^^^^^^^^^^^^^^^^^^^^^^^^^
Dec 01 18:32:29.262 INFO [stderr] 
Dec 01 18:32:29.262 INFO [stderr] error[E0554]: #![feature] may not be used on the beta release channel
Dec 01 18:32:29.262 INFO [stderr]  --> src/main.rs:2:1
Dec 01 18:32:29.262 INFO [stderr]   |
Dec 01 18:32:29.262 INFO [stderr] 2 | #![feature(conservative_impl_trait)]
Dec 01 18:32:29.262 INFO [stderr]   | ^^^^^^^^^^^^^^^^^^^^^^^^^^^^^^^^^^^^
Dec 01 18:32:29.262 INFO [stderr] 
Dec 01 18:32:29.262 INFO [stderr] error[E0554]: #![feature] may not be used on the beta release channel
Dec 01 18:32:29.262 INFO [stderr]  --> src/main.rs:3:1
Dec 01 18:32:29.262 INFO [stderr]   |
Dec 01 18:32:29.262 INFO [stderr] 3 | #![feature(nll)]
Dec 01 18:32:29.262 INFO [stderr]   | ^^^^^^^^^^^^^^^^
Dec 01 18:32:29.262 INFO [stderr] 
Dec 01 18:32:29.262 INFO [stderr] error: aborting due to 3 previous errors
Dec 01 18:32:29.262 INFO [stderr] 
Dec 01 18:32:29.262 INFO [stderr] For more information about this error, try `rustc --explain E0554`.
Dec 01 18:32:29.290 INFO [stderr] error: Could not compile `tetris_clone`.
Dec 01 18:32:29.290 INFO [stderr] 
Dec 01 18:32:29.290 INFO [stderr] To learn more, run the command again with --verbose.
Dec 01 18:32:29.295 INFO [stderr] su: No module specific data is present
Dec 01 18:32:30.121 INFO running `"docker" "inspect" "cc3b3b40a24ddf2aba0454c38c8496b8782b2441a4bd1ad0f34faf23a4a28e3e"`
Dec 01 18:32:30.391 INFO running `"docker" "rm" "-f" "cc3b3b40a24ddf2aba0454c38c8496b8782b2441a4bd1ad0f34faf23a4a28e3e"`
Dec 01 18:32:30.655 INFO [stdout] cc3b3b40a24ddf2aba0454c38c8496b8782b2441a4bd1ad0f34faf23a4a28e3e
